 the highest common factor of 925797 and 732?
183
Calculate the greatest common factor of 14 and 272.
2
Calculate the greatest common divisor of 32868 and 1287.
99
What is the greatest common divisor of 18 and 879426?
18
What is the greatest common factor of 364080 and 82?
82
What is the greatest common factor of 17 and 1121252?
17
What is the greatest common divisor of 970 and 170?
10
Calculate the highest common divisor of 955 and 15.
5
What is the highest common divisor of 241041 and 9?
3
What is the highest common factor of 146 and 110522?
146
What is the highest common divisor of 5604597 and 801?
801
Calculate the highest common factor of 36239 and 744.
31
Calculate the highest common divisor of 1430 and 174240.
110
What is the greatest common divisor of 52 and 1850836?
52
What is the highest common divisor of 669 and 2?
1
What is the greatest common divisor of 50736 and 816?
48
Calculate the highest common divisor of 45 and 2028855.
15
What is the highest common divisor of 16110 and 2178?
18
What is the greatest common factor of 90 and 168795?
45
What is the highest common divisor of 1155 and 6265?
35
Calculate the greatest common factor of 3 and 177189.
3
Calculate the greatest common divisor of 18 and 9645.
3
What is the greatest common factor of 1632 and 54944?
544
Calculate the greatest common factor of 694782 and 18.
18
What is the greatest common divisor of 10360 and 200?
40
What is the highest common divisor of 302 and 649602?
302
Calculate the greatest common factor of 182 and 143.
13
Calculate the highest common factor of 29 and 1022395.
29
What is the highest common factor of 400 and 681620?
20
Calculate the highest common divisor of 197 and 491515.
197
Calculate the highest common divisor of 12 and 356964.
12
What is the highest common factor of 140 and 11620?
140
What is the highest common factor of 52 and 231764?
52
Calculate the highest common factor of 103 and 7323712.
103
What is the highest common factor of 3809 and 845?
13
Calculate the highest common divisor of 510 and 1423410.
510
What is the highest common factor of 225716 and 876?
292
Calculate the highest common divisor of 8 and 23024.
8
Calculate the greatest common divisor of 1957626 and 44.
22
What is the greatest common factor of 473 and 28251?
43
Calculate the greatest common factor of 2199079 and 133.
19
What is the highest common divisor of 2278 and 8375?
67
What is the highest common factor of 247 and 5967?
13
What is the highest common divisor of 648 and 806424?
24
Calculate the greatest common factor of 191 and 95500.
191
Calculate the highest common divisor of 40 and 82624.
8
Calculate the highest common divisor of 2800 and 7184.
16
What is the highest common divisor of 358376 and 8?
8
Calculate the greatest common divisor of 123 and 117055.
41
Calculate the highest common divisor of 12614 and 102.
34
Calculate the greatest common divisor of 13559 and 3913.
91
Calculate the highest common divisor of 97218 and 18167.
491
What is the greatest common factor of 495924 and 130?
26
What is the highest common divisor of 28182 and 84?
42
What is the highest common factor of 863634 and 510?
102
What is the greatest common factor of 1240 and 1720?
40
What is the greatest common divisor of 6667 and 41182?
59
Calculate the greatest common factor of 110516 and 672.
28
Calculate the greatest common divisor of 39900 and 2508.
228
What is the greatest common factor of 9 and 347?
1
Calculate the greatest common divisor of 76 and 1271404.
76
What is the greatest common factor of 822 and 1515357?
411
What is the highest common factor of 195382 and 88?
22
What is the greatest common factor of 32846 and 1628?
22
Calculate the highest common divisor of 27 and 148293.
9
Calculate the highest common factor of 88 and 28112.
8
What is the greatest common divisor of 1731 and 2119321?
577
What is the greatest common divisor of 82 and 395855?
41
What is the greatest common factor of 26361 and 134532?
909
Calculate the highest common factor of 40656 and 3828.
132
Calculate the highest common factor of 1367 and 17807909.
1367
Calculate the highest common factor of 20524 and 100.
4
What is the highest common factor of 7879960 and 10?
10
What is the highest common factor of 853416 and 11414?
878
What is the highest common factor of 1308738 and 118?
118
Calculate the highest common divisor of 189 and 4095.
63
Calculate the highest common factor of 10 and 5246690.
10
Calculate the greatest common divisor of 182 and 192094.
14
Calculate the greatest common factor of 289 and 33745.
17
Calculate the greatest common factor of 38436 and 72.
12
What is the greatest common factor of 3 and 4295?
1
What is the highest common divisor of 1236 and 89160?
12
Calculate the highest common divisor of 4 and 3189832.
4
What is the highest common factor of 1519 and 29078?
217
Calculate the greatest common divisor of 9381 and 24221.
53
What is the greatest common divisor of 3724002 and 216?
54
What is the highest common divisor of 2028 and 442?
26
What is the highest common factor of 4456361 and 7?
7
What is the highest common divisor of 3782 and 2852?
62
Calculate the greatest common factor of 2463208 and 55.
11
Calculate the greatest common divisor of 5589 and 93798.
243
What is the greatest common divisor of 8253 and 189?
63
What is the greatest common factor of 58913 and 1?
1
What is the highest common factor of 106682 and 574?
82
What is the greatest common factor of 60 and 4129845?
15
What is the highest common divisor of 75 and 438225?
75
Calculate the greatest common divisor of 369272 and 248.
248
What is the greatest common divisor of 351591 and 17256?
2157
Calculate the greatest common divisor of 10434 and 3384.
282
Calculate the greatest common divisor of 24 and 32694.
6
What is the greatest common divisor of 516 and 120271?
43
Calculate the highest common divisor of 7236 and 71020.
268
Calculate the highest common divisor of 9120 and 5280.
480
What is the highest common divisor of 182448 and 18?
18
What is the greatest common divisor of 261 and 1106901?
261
Calculate the greatest common divisor of 71 and 902694.
71
What is the greatest common factor of 1530 and 403750?
170
Calculate the greatest common divisor of 4853 and 3473.
23
Calculate the greatest common divisor of 261 and 739.
1
Calculate the greatest common divisor of 31740 and 5980.
460
Calculate the greatest common divisor of 2194382 and 1132.
566
Calculate the highest common factor of 309 and 809889.
309
Calculate the greatest common factor of 12040 and 11116.
28
What is the highest common factor of 115 and 199525?
115
Calculate the greatest common factor of 2360 and 883112.
472
What is the greatest common divisor of 48 and 6738?
6
Calculate the greatest common factor of 66183 and 117.
39
Calculate the highest common divisor of 2268 and 19572.
84
What is the greatest common factor of 5719 and 1216?
19
What is the highest common divisor of 268 and 772?
4
Calculate the greatest common divisor of 331721 and 17.
17
What is the highest common divisor of 150715 and 430?
215
Calculate the highest common divisor of 173485 and 18055.
785
What is the greatest common divisor of 27216 and 3276?
252
Calculate the highest common divisor of 105 and 23705.
5
What is the highest common factor of 180465 and 424?
53
Calculate the greatest common factor of 11 and 1380170.
11
What is the greatest common factor of 94142 and 1442?
206
Calculate the highest common divisor of 288 and 13344.
96
Calculate the highest common divisor of 2548 and 7826.
182
What is the greatest common divisor of 5228 and 1464?
4
Calculate the highest common factor of 255929 and 37.
37
Calculate the greatest common divisor of 8249 and 52093.
113
Calculate the greatest common factor of 232 and 1727240.
232
Calculate the greatest common factor of 910 and 8905.
65
Calculate the greatest common factor of 680 and 64430.
170
What is the greatest common divisor of 432 and 4272?
48
What is the highest common factor of 13494 and 4641?
39
Calculate the greatest common divisor of 7560 and 1515.
15
Calculate the highest common factor of 744 and 87141.
93
What is the highest common factor of 13816 and 22000?
88
Calculate the greatest common divisor of 66 and 25866.
6
What is the greatest com